ate p(1).
-1
Let h(n) = -n**2 + n - 1. Let l(c) = -3*c**2 + 2*c - 4. Let u(z) = -4*h(z) + l(z). Let a be ((-4)/6)/(1/(-3)). Suppose a*t = -0*t + 2. Give u(t).
-1
Let g(u) = 0 - 3 + 4*u**2 + 4*u + 1 - 6*u**2. Calculate g(2).
-2
Let t(h) = h**3 - 5*h**2 - 8*h + 4. Suppose 30 = 9*n - 4*n. Determine t(n).
-8
Suppose 2 = 2*t + 2*t - 2*r, 5*r = 5*t. Let k be (t/(-2))/((-4)/32). Let w(i) = 0*i**3 - i**3 + 6*i**2 - 2*i**2. Give w(k).
0
Let a(l) = l**3 - l**2 + 1. Let d = -5 - -5. Let h be 3 + -3 + (0 - d). Give a(h).
1
Let g(l) = 2*l - 4. Suppose -3*r + 12 = 0, 3*b - 2 = 2*r + 11. Suppose 2*f = 3 + b. Give g(f).
6
Let h(j) = -j**2 - 5*j + 6. Let a(w) = w**3 - 2*w**2 - w + 2. Let g be a(4). Suppose m + 4*m + g = 0. Calculate h(m).
0
Let g(x) be the second derivative of -x**4/12 + 5*x**3/6 + 5*x**2/2 + 34*x. Give g(5).
5
Let u(y) = 6 - 9 - y + 0 + 2*y. Give u(4).
1
Let h = 2 - 1. Let b = 2 - h. Let y(q) = b + 4 - 2 - 3*q. Calculate y(3).
-6
Let n(a) be the first derivative of a**4/4 + 4*a**3 + 6*a**2 + 10*a + 2. Give n(-11).
-1
Let o(p) = p. Let d(n) = 8*n**2 + 7*n + 3. Let i(j) = -15*j**2 - 13*j - 5. Let c(w) = -5*d(w) - 3*i(w). Let a(x) = -c(x) + 5*o(x). What is a(-1)?
-6
Let w(v) = -7*v**2 - v - 8. Let b(a) = -a**2. Let u(m) = -6*b(m) + w(m). Suppose 4*d + 9 - 20 = 3*l, 3*d - 3*l = 9. Let x be 0*-1*d/4. Give u(x).
-8
Let a(o) = -o**3 - 7*o**2 - 7*o - 5. Let k(f) = f**2 + 6*f. Let d be k(-6). Let y be (-4 - d) + (-2 - 0). What is a(y)?
1
Let h(f) = -3*f + 1. Let q(r) = 6*r - 3. Let l(o) = 5*h(o) + 2*q(o). Determine l(1).
-4
Let h(i) = 13*i**3 - i**2 + 2*i - 1. Suppose c = 3*p + 2, -p - 19 = 2*c - 6*c. Calculate h(p).
13
Let z(u) = -u**3 - 3*u**2 - u + 3. Let x(h) = 5*h**3 + 14*h**2 + 5*h - 16. Let f(a) = -2*x(a) - 11*z(a). Suppose -5*y - 36 = -11. Calculate f(y).
-6
Let m(h) = -2*h**2 + 4*h - 5. Let s be (-9 - -3) + 2 - -1. Let f(p) = p**2 - 4*p + 4. Let a(x) = s*m(x) - 4*f(x). Calculate a(-3).
5
Suppose -3*q = -2 - 4. Let k(r) = r - 4. Give k(q).
-2
Let i(f) = -f**2 - 15*f - 10. Let a(g) = g**3 - g**2 + g - 14. Let w be a(0). Calculate i(w).
4
Suppose -3*t + 0*j = 3*j + 12, -4*j - 4 = 0. Let x = 9 - 6. Let q(b) = b + 2*b**2 + 5*b**2 + b**x - 2*b**2 + 2 - b**2. Calculate q(t).
8
Let m(j) be the third derivative of j**5/60 - j**3/6 + j**2. Let l be 0*3*(-5)/(-15). Determine m(l).
-1
Let s be 0*3/(-12)*2. Let p(h) be the second derivative of h**3/6 - h**2/2 + h. What is p(s)?
-1
Suppose -18 = -4*b + 5*b. Let n = b - -23. Let y(l) = l**3 - 4*l**2 - 2*l - 5. Determine y(n).
10
Let w = -8 - -13. Let s be (3 - w)*90/4. Let d be ((-2)/(-3))/(6/s). Let l(q) = q - 3. Determine l(d).
-8
Let r = -20 + 30. Suppose 8 = -3*i - r. Let z(x) = -x**2 - 6*x + 2. Give z(i).
2
Let h be (-3)/(-2)*(-5 - 276/(-54)). Let g(x) be the third derivative of -h*x**3 + 0 + 1/24*x**4 + 1/12*x**5 - 2*x**2 + 0*x. Determine g(1).
5
Let d(h) = -h**2 - 5*h + 6. Let x(v) = -v - 6. Let o(i) = -i**3 + 4*i**2 - i + 4. Let g be o(4). Let m be x(g). Let w = 1 + m. Give d(w).
6
Suppose -a - 7 = -l + 4*a, 0 = -a - 2. Let g(h) be the second derivative of h**5/20 + h**4/6 - h**3/2 + h**2 - 4*h. Calculate g(l).
2
Let n(k) = 12*k - 22. Let o(t) = -4*t + 7. Let h(r) = 5*n(r) + 16*o(r). Let x(d) = -8*d - 1 + 15*d - 2. Let m(q) = -5*h(q) - 3*x(q). What is m(5)?
-6
Let j(l) be the first derivative of -l**4/4 - l**3/3 + l**2/2 + 3. Determine j(2).
-10
Let m(y) = -y**3 - 2*y**2 - 2*y - 3. Let z = 6 + -8. Give m(z).
1
Suppose -5*r - 3*w + 2*w + 2 = 0, 12 = -4*w. Let i(l) = -4*l + 1. Suppose -2*b + 5*b - 9 = 0. Let o(c) = c. Let z(d) = b*o(d) + i(d). Calculate z(r).
0
Suppose 15 = -5*i, 2*j - 15 = -2*j + i. Let z(s) be the first derivative of -1 + 1/2*s**2 + 3*s. Calculate z(j).
6
Let k(z) = 14*z - 13*z + 8*z + 0*z. What is k(1)?
9
Let i(g) = -2*g. Let r be i(5). Let f = r - -6. Let v(u) = 2*u + u - u. What is v(f)?
-8
Let c(v) = -4*v + 6*v - 12 - 4*v + 3*v. Give c(5).
-7
Let p = -15 - -11. Let d(h) = h**3 + 3*h**2 - 5*h - 1. Let l be d(p). Let r(s) = -s**3 + 5*s**2 - 2*s - 2. Give r(l).
10
Let f be 4/(2 - 3 - -3). Let l(i) = -i**3 + 2 + 6*i - 4*i**2 - f*i + 0. Determine l(-5).
7
Let a(t) = 2*t**2 - 2*t - 2. Let p(d) = d**2 - 5*d - 4. Let h(i) = 3*i**2 + 3*i. Let q be h(-2). Let o be p(q). Determine a(o).
2
Let j(k) = k**3 + 15*k**2 + 2*k + 22. Let s be j(-15). Let c(d) = -d - 11. What is c(s)?
-3
Let q be (3 + -6)/((-3)/7). Suppose 1 + q = 4*y. Let d(u) = 3 + u + 4*u**y - 5*u**2 + 0. Determine d(0).
3
Let k(n) = -n**2 - 8*n + 4. Let a be k(-9). Let z(p) = -p**3 - 4*p**2 + 6*p + 3. Give z(a).
-2
Let s = -25 + 43. Let d = s - 20. Let q(j) = 2*j**3 + 4*j**2 + 2*j - 2. Give q(d).
-6
Let i(p) = -p. Let k(q) = q**2 - 11*q - 2. Let o(f) = 6*i(f) - k(f). Let j(v) = -3*v**2 + 15*v + 5. Let w(x) = 4*j(x) - 11*o(x). Give w(4).
2
Let k(t) = -15*t - 9. Let i(o) = o + 1. Let x(p) = 12*i(p) + k(p). Suppose 5*h - 7 = -4*n + 8, -3*n + 16 = -h. What is x(n)?
-12
Let c(s) = -3*s + 8 + 0*s - 2. Suppose 2*n - 4 - 6 = 0. Give c(n).
-9
Let h(u) = 2*u + 2. Let l(n) = -2*n**2 + 16*n + 22. Let y be l(9). Give h(y).
10
Suppose -2 = q - 2*h, 3*q - 2*h = -0*q + 2. Let y(v) = -1 + 0 - 1 + 3*v. Determine y(q).
4
Let b(x) = 2*x**2 - 3*x + 1. Let h be (0/1)/(8 + -6). Suppose 4*w - 11 = -j, -2*w + 5*w + 3*j - 6 = h. Suppose -w*v + 2*v + 8 = 5*q, 5*q - 4*v = 18. Give b(q).
3
Let a(k) = k**2 + k - 4. Suppose 0*w = 2*w. Let f = 2 + 0. Suppose w = -2*d - f*d. Determine a(d).
-4
Let z(q) be the first derivative of 9*q**2/2 + 97. Let d(b) = b + 1. Let i be d(0). What is z(i)?
9
Let j(x) = -5*x + 1. Suppose -5*d = -4*t - t, 3*d + 5*t + 16 = 0. Let c be d/8 + 42/8. Suppose 0 = -2*f - 3*f - c. Calculate j(f).
6
Let b(p) = -15 + p**2 - 6 + 22 + 8*p. Give b(-8).
1
Let a(n) be the first derivative of 1/3*n**3 - 3*n**2 + 5*n - 3. Determine a(5).
0
Suppose 1 - 3 = -p. Suppose -3*y = -p*y - 22. Let m be (-6)/(-15) - y/5. Let w(z) = -3*z - 3. Determine w(m).
9
Let i(p) = -p**2 - 6*p + 7. Let u = -10 + 3. Let v be i(u). Let q(a) = a**3 + a**2 + a - 9. Calculate q(v).
-9
Let h be -22*3/(-1 + -5). Let x = 27 - 42. Let i = h + x. Let c(t) = t + 7. Give c(i).
3
Let n(s) = s - 7. Let z be n(8). Let f(v) = v + 4. Let m(o) = o. Let j(y) = z*f(y) - 3*m(y). Let t be (4/3)/(2/(-6)). Determine j(t).
12
Let f be (-3)/(6/2)*9. Let d = f - -12. Let n(c) = -5*c**2 + 9*c - 8 + 1 - c**d - 12*c. What is n(-5)?
8
Let d(w) = 11*w. Let b be (-4)/20 - (-4)/(-5). What is d(b)?
-11
Suppose -2*s + 8 = 2*s. Let m(x) = -s*x + 4*x + 0*x - 5*x. Give m(1).
-3
Let s(f) = f - 10. Let p(g) be the third derivative of -g**6/120 + g**5/60 - g**4/24 + 5*g**3/6 + g**2. Let c be p(0). Determine s(c).
-5
Let v(n) = n**2 + 6*n. Suppose 23 = 5*l - 2. Suppose -g = 2*u - 0*g + 14, -2*u = -l*g + 2. Give v(u).
0
Let z(w) = 6 - 8*w**3 + w**2 + 5*w**3 + 4*w + 2*w**3 - 3*w. Calculate z(0).
6
Let s(f) be the third derivative of 1/4*f**4 + 0 + 0*f + f**2 + 0*f**3. Let w = 72 - 73. What is s(w)?
-6
Suppose -d + 6 = -0. Let f(x) = x - 7. Let z(i) = i - 7. Let p(o) = 2*f(o) - 3*z(o). What is p(d)?
1
Let c = -5 + 8. Let s be (2 - (c + -2))*-1. Let j(u) = -4*u + 2*u - 4*u - 3*u. Give j(s).
9
Let p(t) = 2*t**2 + 23*t - 27*t - 2 - t**2. Let f be p(5). Let b(z) = 7*z + 0*z**2 + z**2 - z**f + 4 - 5*z**2. What is b(-5)?
-6
Let w = -14 + 29. Let z = w - 3. Suppose -4*c + 4*o = 4, c + c + 3*o = -z. Let q(t) = -t**3 - 2*t**2 + 3*t. Determine q(c).
0
Let b(j) = 5*j + 7. Let l(c) = 3. Let d(y) = -1. Let t(o) = 11*d(o) + 4*l(o). Let f(p) = b(p) - 6*t(p). Suppose 3 = -0*a - 3*a. What is f(a)?
-4
Let q(k) = -5*k + 31. Let o(t) = 2*t - 15. Let y(p) = 7*o(p) + 3*q(p). Let c be (-10)/4*6/(-42)*-14. Give y(c).
-7
Let w be 2 + (-1 + -1)/(-2). Let t = w + -1. Suppose -6*d + t*d = 20. Let v(u) = 2*u + 3. Determine v(d).
-7
Suppose -j = -w - 5, 5*j = -2*w - 7 + 25. Let f(u) be the first derivative of 2 + 2*u**2 + 5*u - 1/4*u**j + u**3. Determine f(4).
5
Suppose -8 = 3*g + g + 3*o, -2*g - o - 2 = 0. Let y be 0 + (3/g)/3. Let f(w) = -2*w + 4*w - 4*w - 2*w**2 + y. Give f(-2).
-3
Suppose 3*u - 56 = 7*u. Let l be (u/8 + 3)*4. Let b(m) = -m**2 + 4*m + 3. Give b(l).
-2
Let p(w) = -w**2 + 237*w - 237*w. Calculate p(2).
-4
Let a(h) = h**2 + 7*h - 5. Let l be -2 + 1 + 1*(3 + -9). Calculate a(l).
-5
Suppose 3*n + 5*f - 32 + 0 = 0, -2*n - 